{"id":847,"date":"2025-09-19T19:21:54","date_gmt":"2025-09-19T19:21:54","guid":{"rendered":"https:\/\/pazardergisi.com\/?page_id=847"},"modified":"2025-09-19T19:21:54","modified_gmt":"2025-09-19T19:21:54","slug":"gizlilik-politikasi","status":"publish","type":"page","link":"https:\/\/pazardergisi.com\/index.php\/gizlilik-politikasi\/","title":{"rendered":"Gizlilik Politikas\u0131"},"content":{"rendered":"\n<p>Gizlilik ve Ki\u015fisel Verilerin Korunmas\u0131 Politikas\u0131<br>Bu gizlilik politikas\u0131 ile Pazar Dergisi, internet sitesi Pazardergisi.com (Gizlilik politikas\u0131nda \u201cPazardergisi.com\u201d olarak an\u0131lacakt\u0131r) \u00fczerinden kullan\u0131c\u0131lar\u0131n Pazardergisi.com\u2019da bulunan ki\u015fisel bilgilerinin kullan\u0131m\u0131 ve korunmas\u0131 d\u00fczenlenmektedir.<\/p>\n\n\n\n<p>Kullan\u0131c\u0131lar\u0131n ki\u015fisel bilgileri, ad\u0131 \u2013 soyad\u0131, do\u011fum tarihi, telefon numaras\u0131, e-posta adresi, T.C kimlik numaras\u0131 gibi kullan\u0131c\u0131y\u0131 do\u011frudan ya da dolayl\u0131 olarak tan\u0131mlamaya y\u00f6nelik her t\u00fcrl\u00fc ki\u015fisel bilgi olup, bu gizlilik politikas\u0131nda \u201cki\u015fisel bilgiler\u201d olarak an\u0131lacakt\u0131r.<\/p>\n\n\n\n<p>Pazardergisi.com\u2019a \u00fcye olarak veya sadece ziyaret\u00e7i olarak Pazardergisi.com\u2019un hizmetlerini kullanman\u0131n ko\u015fullar\u0131ndan biri olarak baz\u0131 bilgileriniz Pazardergisi.com taraf\u0131ndan al\u0131nmakta, i\u015flenmekte ve saklanmaktad\u0131r. A\u015fa\u011f\u0131da, t\u00fcm bu dijital platformlar\u0131n kullan\u0131m\u0131 s\u0131ras\u0131nda elde edilen\/edilecek ki\u015fisel verilerin nas\u0131l ve ne \u015fekilde elde edildi\u011fi, bu verilerin nas\u0131l ve ne \u015fekilde i\u015flendi\u011fi ve sakland\u0131\u011f\u0131 belirtilmi\u015ftir. Pazardergisi.com gizlili\u011finizi a\u015fa\u011f\u0131da yer alan kurallar \u00e7er\u00e7evesinde korumakta ve verilerinize ili\u015fkin t\u00fcm s\u00fcre\u00e7lerde bu metni benimsemektedir.<\/p>\n\n\n\n<p>Bu metni onaylayan veya metni onaylamaks\u0131z\u0131n Pazardergisi.com\u2019u ve di\u011fer servisleri kullanmaya devam eden her ki\u015fi, a\u015fa\u011f\u0131daki s\u0131n\u0131rlar d\u00e2hilinde kalmak kayd\u0131yla, kendisinin payla\u015ft\u0131\u011f\u0131 veya Pazardergisi.com platformlar\u0131n\u0131n kullan\u0131lmas\u0131 sebebiyle otomatik veya otomatik olmayan \u015fekilde elde edilen verilerinin i\u015flenmesine, kaydedilmesine, \u00fcyelik s\u00fcresince veya herhangi bir yasal s\u00fcre \u00f6ng\u00f6r\u00fclm\u00fc\u015fse bu s\u00fcre veya Pazardergisi.com\u2018un ilan etti\u011fi\/edece\u011fi s\u00fcre boyunca i\u015flenmesine, saklanmas\u0131na ve muhafaza edilmesine, analiz edilmesine, s\u0131n\u0131fland\u0131r\u0131lmas\u0131na, g\u00fcncellenmesine, yurt i\u00e7ine ve\/veya yurt d\u0131\u015f\u0131na aktar\u0131lmas\u0131na ve Pazardergisi.com hizmetlerinin sunulabilmesi amac\u0131yla, \u00fc\u00e7\u00fcnc\u00fc ki\u015fi i\u015f ortaklar\u0131 ve\/veya dan\u0131\u015fmanlar\u0131na aktar\u0131lmas\u0131na a\u00e7\u0131k\u00e7a izin ve onay verir.<\/p>\n\n\n\n<p>Pazardergisi.com\u2019u, uygulama\u2019y\u0131 ve dijital platformlar\u0131m\u0131z\u0131 ziyaret ederken ve\/veya \u00fcye (kay\u0131tl\u0131 kullan\u0131c\u0131) olurken dikkat etmeniz gereken hususlar hakk\u0131nda, Kullan\u0131m S\u00f6zle\u015fmesi ve \u00c7erez Politikas\u0131 sayfalar\u0131n\u0131 incelemenizi \u00f6neririz.<\/p>\n\n\n\n<p>Ki\u015fisel Verilerin Toplanmas\u0131<br>\u201cKi\u015fisel veriler\u201d, kimli\u011fi belirli ya da elimizde bulunan veya eri\u015fimimizin bulundu\u011fu verilerden kimli\u011fi belirlenebilecek bir ger\u00e7ek ki\u015fiye ait olan bilgiler anlam\u0131na gelmektedir. Ki\u015fisel veriler, toplula\u015ft\u0131r\u0131lm\u0131\u015f olan veriler ile anonim hale getirilmi\u015f olan verileri, ger\u00e7ek ki\u015filere ait olmayan veya belirli veya belirlenebilir ger\u00e7ek ki\u015filere ait olmayan istatistiki veriler gibi bilgileri i\u00e7ermemektedir.<\/p>\n\n\n\n<p>Hizmetlerimiz\u2019i kulland\u0131\u011f\u0131n\u0131zda, kullan\u0131c\u0131 hesab\u0131 olu\u015fturdu\u011funuzda, kullan\u0131c\u0131 hesab\u0131 olu\u015fturmak i\u00e7in ilgili formda bilgi verdi\u011finizde, hesap bilgilerinizi g\u00fcncelledi\u011finizde veya bilgi ekledi\u011finizde, kullan\u0131c\u0131lar aras\u0131 g\u00f6r\u00fc\u015fmeler, sohbetler yapt\u0131\u011f\u0131n\u0131zda veya uyu\u015fmazl\u0131k \u00e7\u00f6z\u00fcm\u00fcne kat\u0131ld\u0131\u011f\u0131n\u0131zda veya Hizmetlerimiz ile ilgili olarak bizimle ba\u015fka bir \u015fekilde ileti\u015fime ge\u00e7ti\u011finizde, ki\u015fisel verilerinizi topluyor, i\u015fliyor ve muhafaza ediyoruz.<\/p>\n\n\n\n<p>Toplad\u0131\u011f\u0131m\u0131z ba\u015fl\u0131ca ki\u015fisel veriler a\u015fa\u011f\u0131dakilerdir:<\/p>\n\n\n\n<p>\u25cf Hizmetlerimiz\u2019i kulland\u0131\u011f\u0131n\u0131zda, veya hesap olu\u015fturdu\u011funuzda bize sa\u011flad\u0131\u011f\u0131n\u0131z ki\u015fisel veriler<\/p>\n\n\n\n<p>\u25cf Hesap olu\u015fturdu\u011funuzda; ad\u0131n\u0131z ve e-posta adresiniz gibi tan\u0131mlay\u0131c\u0131 bilgileriniz;<\/p>\n\n\n\n<p>\u25cf Baz\u0131 hallerde, kullan\u0131c\u0131 hesab\u0131 olu\u015ftururken veya Hizmetlerimiz\u2019i kullan\u0131rken bize sa\u011flad\u0131\u011f\u0131n\u0131z ya\u015f, cinsiyet, lise bilgisi, ilgi alanlar\u0131n\u0131z ve be\u011fendikleriniz ile ilgili bilgiler;<\/p>\n\n\n\n<p>\u25cf Ayr\u0131ca, Gazetepazar.com.tr\u2019de yer alan formlar arac\u0131l\u0131\u011f\u0131yla, Pazardergisi.com \u00fcyeli\u011fi i\u00e7in olu\u015fturdu\u011funuz kullan\u0131c\u0131 hesab\u0131n\u0131za ili\u015fkin bilgilerinizi g\u00fcncelleyerek veya bilgi ekleyerek, uyu\u015fmazl\u0131k \u00e7\u00f6z\u00fcm\u00fcne kat\u0131larak Hizmetlerimiz ile ilgili olarak bizimle ba\u015fka \u015fekilde ileti\u015fime ge\u00e7erek sunmu\u015f oldu\u011funuz di\u011fer bilgiler ve bu kapsamda olu\u015fan kullan\u0131c\u0131lar dahil yap\u0131lan her t\u00fcrl\u00fc g\u00f6r\u00fc\u015fme\/yaz\u0131\u015fma i\u00e7erikleri ile bunlara ili\u015fkin kay\u0131tlar;<\/p>\n\n\n\n<p>\u25cf Kimli\u011finizi do\u011frulayabilmek veya tespit edebilmek i\u00e7in y\u00fcr\u00fcrl\u00fckteki kanunlar uyar\u0131nca toplamam\u0131z ve i\u015flememiz gereken veya buna izin verilen di\u011fer bilgiler;<\/p>\n\n\n\n<p>\u25cf Baz\u0131 hallerde, hukuka ayk\u0131r\u0131, tehditkar, hakaret i\u00e7eren ve sair istenmeyen mesajlar al\u0131nd\u0131\u011f\u0131na ili\u015fkin kullan\u0131c\u0131lar\u0131m\u0131zdan veya \u00fc\u00e7\u00fcnc\u00fc ki\u015filerden gelen \u015fikayetleri de\u011ferlendirebilmek amac\u0131yla mesajla\u015fma ve di\u011fer yaz\u0131\u015fma i\u00e7erikleri.<\/p>\n\n\n\n<p>\u25cf Hizmetlerimiz\u2019i kulland\u0131\u011f\u0131n\u0131zda veya hesap olu\u015fturdu\u011funuzda otomatik olarak toplad\u0131\u011f\u0131m\u0131z ki\u015fisel veriler<\/p>\n\n\n\n<p>\u25cf Hizmetlerimiz\u2019i kullan\u0131m\u0131n\u0131z ve bizimle ileti\u015fiminiz gibi konular hakk\u0131nda da bilgi toplamaktay\u0131z. Bu bilgiler, Hizmetlerimiz\u2019i kulland\u0131\u011f\u0131n\u0131zda, hesap olu\u015fturdu\u011funuzda, Pazardergisi.com\u2019da yer alan bir formda bilgi verdi\u011finizde, hesap bilgilerinizi g\u00fcncelledi\u011finizde veya bilgi ekledi\u011finizde, kullan\u0131c\u0131lar ile ileti\u015fime ge\u00e7ti\u011finizde veya uyu\u015fmazl\u0131k \u00e7\u00f6z\u00fcm\u00fcne kat\u0131ld\u0131\u011f\u0131n\u0131zda veya Hizmetlerimiz ile ilgili olarak bizimle ba\u015fka \u015fekilde ileti\u015fime ge\u00e7ti\u011finizde kulland\u0131\u011f\u0131n\u0131z (mobil cihazlar dahil) cihazlardan ald\u0131\u011f\u0131m\u0131z bilgilerdir. Bu bilgiler, cihaz kimli\u011fi veya benzersiz tan\u0131t\u0131c\u0131, cihaz t\u00fcr\u00fc, reklam tan\u0131mlay\u0131c\u0131 ve benzersiz cihaz simgesinden olu\u015fmaktad\u0131r.<\/p>\n\n\n\n<p>\u25cf Mobil cihaz\u0131n\u0131zdan elde edilen lokasyon bilgileri dahil olmak \u00fczere co\u011frafi konum bilgileri. Mobil cihazlar\u0131n \u00e7o\u011funun, mobil cihaz\u0131n cihaz ayarlar men\u00fcs\u00fcndeki bulunan bir uygulama ile lokasyon hizmetlerini kontrol etmenize veya kullan\u0131m\u0131n\u0131 devre d\u0131\u015f\u0131 b\u0131rakman\u0131za olanak sa\u011flad\u0131\u011f\u0131n\u0131 hat\u0131rlatmak isteriz.<\/p>\n\n\n\n<p>\u25cf Sayfa g\u00f6r\u00fcnt\u00fcleme istatistikleri, sayfa gelen ve giden trafik bilgileri, y\u00f6nlendiren URL, reklam verileri, IP adresiniz, g\u00f6z atma ge\u00e7mi\u015finiz ve web log bilgileriniz gibi bilgisayar ve ba\u011flant\u0131 bilgileri.<\/p>\n\n\n\n<p>\u25cf \u00c7erezler, web i\u015faret\u00e7ileri ve benzer teknolojiler kullanarak toplad\u0131\u011f\u0131m\u0131z ki\u015fisel bilgiler<\/p>\n\n\n\n<p>\u25cf G\u00f6r\u00fcnt\u00fcledi\u011finiz sayfalar, t\u0131klad\u0131\u011f\u0131n\u0131z ba\u011flant\u0131lar ve Hizmetlerimiz ile ilgili yapt\u0131\u011f\u0131n\u0131z di\u011fer i\u015flemler hakk\u0131nda bilgi toplamak i\u00e7in reklam ve e-posta i\u00e7eri\u011fimiz ile, \u00e7erez, web i\u015faret\u00e7ileri (beacons), benzersiz tan\u0131mlay\u0131c\u0131 ve benzer teknolojiler kullanmaktay\u0131z. Bu teknolojileri kullan\u0131m\u0131m\u0131z ve bunlar\u0131 nas\u0131l kontrol edebilece\u011finiz hakk\u0131nda daha ayr\u0131nt\u0131l\u0131 bilgi i\u00e7in, \u00c7erezler Politikam\u0131z\u0131 inceleyiniz.<\/p>\n\n\n\n<p>\u25cf Di\u011fer kaynaklardan toplad\u0131\u011f\u0131m\u0131z ki\u015fisel veriler<\/p>\n\n\n\n<p>\u25cf Toplad\u0131\u011f\u0131m\u0131z verileri, \u00fc\u00e7\u00fcnc\u00fc ki\u015filerden ald\u0131\u011f\u0131m\u0131z veriler ile birle\u015ftirebilir ve hesap bilgilerinize ekleyebiliriz. \u00d6rne\u011fin, herkese a\u00e7\u0131k olan demografik bilgileri, ek ileti\u015fim bilgilerini, kredi kontrol bilgilerini ve kredi derecelendirme kurulu\u015flar\u0131ndan al\u0131nan bilgileri, y\u00fcr\u00fcrl\u00fckteki kanunlar\u0131n m\u00fcsaade etti\u011fi \u015fekilde toplayabiliriz ve kullanabiliriz.<\/p>\n\n\n\n<p>\u25cf Sosyal medya siteleri ile bilgi payla\u015f\u0131m\u0131n\u0131za veya hesab\u0131n\u0131z\u0131 olu\u015fturmak veya ilgili sosyal medya sitelerine hesab\u0131n\u0131z\u0131 ba\u011flamak i\u00e7in sosyal medya sitelerini kullanman\u0131za izin verebiliriz. Bu sosyal medya siteleri, bize (g\u00f6r\u00fcnt\u00fcledi\u011finiz i\u00e7erik, be\u011fendi\u011finiz i\u00e7erik ve size g\u00f6sterilen veya t\u0131klam\u0131\u015f olabilece\u011finiz reklamlar hakk\u0131nda bilgiler gibi) ellerinde bulundurduklar\u0131 birtak\u0131m ki\u015fisel verilerinize otomatik eri\u015fim sa\u011flayabilir. \u0130lgili sosyal medya sitesinde yer alan gizlilik ayarlar\u0131 ile eri\u015fimimizin bulunaca\u011f\u0131 ki\u015fisel verileri ve ilgili sosyal medya sitesinde hakk\u0131n\u0131zda saklanan ki\u015fisel verilere eri\u015fimimizi sa\u011flad\u0131\u011f\u0131n\u0131zda verdi\u011finiz izinleri kontrol edebilirsiniz. Sosyal medya sitesi taraf\u0131ndan y\u00f6netilen bir hesab\u0131, Pazardergisi.com\u2019u hesab\u0131n\u0131z ile ili\u015fkilendirerek ve bu bilgilere eri\u015fimimiz i\u00e7in izin vererek, bu sosyal medya siteleri taraf\u0131ndan sunulan bilgileri, bu Gizlilik Bildirimi uyar\u0131nca toplayabilece\u011fimizi, kullanabilece\u011fimizi ve muhafaza edebilece\u011fimizi kabul edersiniz.<\/p>\n\n\n\n<p>\u25cf Sosyal a\u011flar Facebook.com ve Twitter eklentileri (\u201ceklentiler\u201d) web sayfalar\u0131m\u0131za g\u00f6m\u00fclebilir. \u0130lgili servisler Facebook Inc. ve Twitter Inc. (\u201cservis sa\u011flay\u0131c\u0131lar\u201d) \u015firketleri taraf\u0131ndan sa\u011flan\u0131r.<\/p>\n\n\n\n<p>\u25cf Facebook, Facebook Inc., 1601 S. California Ave, Palo Alto, CA 94304, ABD (\u201cFacebook\u201d) taraf\u0131ndan i\u015fletilmektedir. Facebook eklentileri ve g\u00f6r\u00fcn\u00fcmlerini g\u00f6zden ge\u00e7irmek i\u00e7in \u015fu adresi ziyaret edebilirsiniz: https:\/\/developers.facebook.com\/docs\/plugins<\/p>\n\n\n\n<p>\u25cf Twitter, Twitter Inc., 1355 Market St, Suite 900, San Francisco, CA 94103, ABD taraf\u0131ndan i\u015fletilmektedir. Twitter butonlar\u0131 ve g\u00f6r\u00fcn\u00fcmlerini g\u00f6zden ge\u00e7irmek i\u00e7in \u015fu adresi ziyaret edebilirsiniz: https:\/\/twitter.com\/about\/resources\/buttons<\/p>\n\n\n\n<p>\u25cf Pazardergisi.com\u2019u ziyaret etti\u011finizde verilerinizin korunma seviyesini art\u0131rmak i\u00e7in bu eklentiler \u201c\u00c7ift t\u0131klanan butonlar\u201d olarak uygulamaya konmu\u015ftur. Bu tarz bir entegrasyon bu tarz eklentiler i\u00e7eren web sitelerine, web sitemiz i\u00e7erisinden eri\u015fti\u011finizde, otomatik olarak servis sa\u011flay\u0131c\u0131lar\u0131n sunucular\u0131yla ba\u011flant\u0131 kurmaman\u0131z\u0131 sa\u011flar. Sadece bu eklentileri etkinle\u015ftirmeniz durumunda veri aktar\u0131m\u0131na izin vermi\u015f olursunuz ve taray\u0131c\u0131 servis sa\u011flay\u0131c\u0131lar\u0131n sunucular\u0131na do\u011frudan bir ba\u011flant\u0131 olu\u015fturur. \u00c7e\u015fitli eklentilerin i\u00e7eri\u011fi ard\u0131ndan ilgili servis sa\u011flay\u0131c\u0131 taraf\u0131ndan do\u011frudan taray\u0131c\u0131n\u0131za aktar\u0131l\u0131r ve ard\u0131ndan ekran\u0131n\u0131zda g\u00f6r\u00fcnt\u00fclenir.<\/p>\n\n\n\n<p>\u25cf Eklenti servis sa\u011flay\u0131c\u0131ya hangi websitesi sayfalar\u0131m\u0131z\u0131 ziyaret etti\u011finiz s\u00f6yler. Pazardergisi.com\u2019u gezerken Facebook ya da Twitter kullan\u0131c\u0131 hesab\u0131n\u0131za ba\u011fl\u0131 olman\u0131z durumunda, servis sa\u011flay\u0131c\u0131 kullan\u0131c\u0131 hesab\u0131n\u0131zla eri\u015fti\u011finiz bilgiler gibi ilgi duydu\u011funuz alanlar hakk\u0131nda veri toplayabilir. Herhangi eklenti fonksiyonunu kullan\u0131rken (\u00f6rne\u011fin \u201cLike\u201d [Be\u011feni] butonuna t\u0131kland\u0131\u011f\u0131nda, yorum yaz\u0131ld\u0131\u011f\u0131nda) bu bilgi de taray\u0131c\u0131 taraf\u0131ndan do\u011frudan saklanmak \u00fczere servis sa\u011flay\u0131c\u0131ya aktar\u0131l\u0131r.<\/p>\n\n\n\n<p>\u25cf Facebook ya da Twitter taraf\u0131ndan veri toplanmas\u0131 ve kullan\u0131m\u0131 hakk\u0131nda daha ayr\u0131nt\u0131l\u0131 bilgilere ve bu \u015fartlar alt\u0131nda gizlili\u011finizi korumak i\u00e7in faydalanabilece\u011finiz haklar ve olas\u0131l\u0131klara servis sa\u011flay\u0131c\u0131n\u0131n veri koruma\/gizlilik tavsiyeleri alt\u0131ndan ula\u015fabilirsiniz. Veri koruma\/Facebook taraf\u0131ndan yay\u0131nlanan gizlilik tavsiyesi: http:\/\/www.facebook.com\/policy.php Veri koruma\/Twitter taraf\u0131ndan yay\u0131nlanan gizlilik tavsiyesi: https:\/\/twitter.com\/privacy<\/p>\n\n\n\n<p>\u25cf Facebook ya da Twitter\u2019\u0131n, sitelerinde sahip oldu\u011funuz kullan\u0131c\u0131 hesab\u0131n\u0131zla Pazardergisi.com\u2019u ziyaretinize ili\u015fkin ba\u011flant\u0131 kurmas\u0131n\u0131 engellemek i\u00e7in, web sayfalar\u0131m\u0131za eri\u015fmeden \u00f6nce ilgili kullan\u0131c\u0131 hesaplar\u0131nda oturumunuzu kapatman\u0131z gerekir.<\/p>\n\n\n\n<p>\u25cf Ba\u015fkalar\u0131na ait ki\u015fisel verileri (ba\u015fka bir ki\u015fiye ait olan teslim adresi, i\u015flemler i\u00e7in kulland\u0131\u011f\u0131n\u0131z ba\u015fka bir kart\u0131n hamiline ili\u015fkin bilgiler gibi), yaln\u0131zca s\u00f6z konusu ki\u015filerin \u00f6nceden al\u0131nm\u0131\u015f a\u00e7\u0131k onaylar\u0131 varsa bize sunabilirsiniz. Bu ki\u015fileri de ayn\u0131 zamanda Gizlilik Bildirimimiz uyar\u0131nca kendilerinin ki\u015fisel verilerini nas\u0131l toplad\u0131\u011f\u0131m\u0131z, kulland\u0131\u011f\u0131m\u0131z, payla\u015ft\u0131\u011f\u0131m\u0131z ve muhafaza etti\u011fimiz hakk\u0131nda bilgilendirmelisiniz.<\/p>\n\n\n\n<p>\u25cf Yukar\u0131da belirtilen kapsam ve s\u0131n\u0131rlar i\u00e7inde ki\u015fisel veriler aras\u0131nda y\u00fcr\u00fcrl\u00fckteki mevzuatta tan\u0131mlanan (k\u0131l\u0131k k\u0131yafet, biyometrik \u00f6zellik ta\u015f\u0131yan ses kay\u0131tlar\u0131, sat\u0131n al\u0131nan veya incelenen \u00fcr\u00fcnler ilintili oldu\u011fu \u00f6l\u00e7\u00fcde sa\u011fl\u0131k ve cinsel hayatla ili\u015fkili olabilecek bilgiler gibi) \u00f6zel nitelikli ki\u015fisel verilerin de yer alabilece\u011fini ve bu Gizlilik Bildirimi\u2019nde verdi\u011finiz a\u00e7\u0131k r\u0131zan\u0131n, s\u00f6z konusu ki\u015fisel verilerin elde edilmesi ve bu Gizlilik Bildirimi\u2019nde a\u00e7\u0131klanan \u015fekilde kullan\u0131lmas\u0131 hallerini de kapsad\u0131\u011f\u0131n\u0131 hat\u0131rlatmak isteriz.<\/p>\n\n\n\n<p>Ki\u015fisel Verilerin Kullan\u0131m\u0131 ve Muhafazas\u0131<br>Toplad\u0131\u011f\u0131m\u0131z ki\u015fisel verileri, Hizmetlerimiz\u2019i sunmak ve geli\u015ftirmek, Pazardergisi.com\u2019da ki\u015fiselle\u015ftirilmi\u015f bir deneyim sunmak (\u00f6zellikle be\u011fenebilece\u011finiz hizmetler ve \u00fcr\u00fcnleri \u00f6nererek), hesab\u0131n\u0131z veya Hizmetlerimiz ile ilgili olarak sizinle ileti\u015fime ge\u00e7mek, size ki\u015fiselle\u015ftirilmi\u015f reklam ve pazarlama hizmetleri sunmak veya varsa hileli veya yasad\u0131\u015f\u0131 faaliyetleri tespit etmek, bunlar\u0131 engellemek ve bu t\u00fcr konular\u0131 soru\u015fturmak i\u00e7in kullanmaktay\u0131z. Ki\u015fisel verilerinizi, ilgili mevzuat\u0131n \u00f6ng\u00f6rd\u00fc\u011f\u00fc veya faaliyetlerimiz ile ilgili veya faaliyetlerimiz i\u00e7in gerekli olduklar\u0131 s\u00fcre boyunca muhafaza etmekteyiz. Buna ek olarak, kapat\u0131lm\u0131\u015f hesaplardaki ki\u015fisel verileri de y\u00fcr\u00fcrl\u00fckteki mevzuata uymak, doland\u0131r\u0131c\u0131l\u0131\u011f\u0131 engellemek, uyu\u015fmazl\u0131klar\u0131 \u00e7\u00f6zmek, soru\u015fturmalara yard\u0131mc\u0131 olmak, Kullan\u0131c\u0131 S\u00f6zle\u015fmemiz\u2019i uygulamak ve y\u00fcr\u00fcrl\u00fckteki mevzuat\u0131n m\u00fcsaade etti\u011fi veya gerekli k\u0131ld\u0131\u011f\u0131 di\u011fer i\u015flemlerde bulunmak i\u00e7in saklayabiliriz.<\/p>\n\n\n\n<p>Ki\u015fisel Verilerin Payla\u015f\u0131lmas\u0131<br>Pazardergisi.com, ki\u015fisel bilgilerin ve Pazardergisi.com kullan\u0131c\u0131lar\u0131n\u0131n ger\u00e7ekle\u015ftirmi\u015f oldu\u011fu i\u015flem bilgilerinin g\u00fcvenli\u011fini ve gizlili\u011fini sa\u011flamak i\u00e7in gerekli \u00f6nlemleri almaktad\u0131r. Pazardergisi.com bu ama\u00e7la, ba\u015fka programlar kullanabilir. Ancak, Pazardergisi.com taraf\u0131ndan gerekli bilgi g\u00fcvenli\u011fi \u00f6nlemlerinin almas\u0131na kar\u015f\u0131n internet sitesine ve\/veya sisteme yap\u0131lan sald\u0131r\u0131lar sonucunda ki\u015fisel bilgilerin zarar g\u00f6rmesi veya \u00fc\u00e7\u00fcnc\u00fc ki\u015filerin eline ge\u00e7mesi durumunda, Pazardergisi.com\u2019un bu nedenle herhangi bir sorumlulu\u011fu olmayacakt\u0131r.<\/p>\n\n\n\n<p>Bir kullan\u0131c\u0131n\u0131n, bir ba\u015fka kullan\u0131c\u0131n\u0131n bilgilerine ula\u015fmas\u0131 ve bu bilgileri de\u011fi\u015ftirmesi m\u00fcmk\u00fcn de\u011fildir. Kullan\u0131c\u0131n\u0131n ki\u015fisel bilgileri, Pazardergisi.com haricinde yaln\u0131zca kullan\u0131c\u0131 taraf\u0131ndan ula\u015f\u0131labilir ve bu bilgiler ancak kullan\u0131c\u0131 taraf\u0131ndan g\u00fcncellenebilir. Kullan\u0131c\u0131n\u0131n talebi ile ki\u015fisel bilgiler Pazardergisi.com taraf\u0131ndan da g\u00fcncellenebilecektir.<\/p>\n\n\n\n<p>Pazardergisi.com, ki\u015fisel bilgileri \u00f6l\u00e7\u00fcmleme \u00e7al\u0131\u015fmalar\u0131, reklam, tan\u0131t\u0131m, pazarlama ile sair ileti\u015fim faaliyetleri amac\u0131yla kullanabilece\u011fi ve i\u015f ortaklar\u0131yla payla\u015fabilece\u011fi gibi Pazardergisi.com taraf\u0131ndan sunulan hizmet kalitesinin artt\u0131r\u0131lmas\u0131 ve Pazardergisi.com\u2019un faaliyetlerinin daha iyi \u015fekilde y\u00fcr\u00fct\u00fclmesi amac\u0131yla da kay\u0131t alt\u0131na al\u0131nabilir ve kullanabilir.<\/p>\n\n\n\n<p>\u0130dari kurumlar ve adli kurumlar taraf\u0131ndan gelen talepler ve bildirimler do\u011frultusunda ki\u015fisel bilgiler, Gizlilik Politikas\u0131na uygun olarak adli ve idari kurumlar ile payla\u015f\u0131labilir.<\/p>\n\n\n\n<p>Kullan\u0131c\u0131n\u0131n ki\u015fisel bilgileri; ger\u00e7ekle\u015ftirilen i\u015flemlerde gerekli g\u00f6r\u00fclmesi halinde, s\u00fcrecin h\u0131zland\u0131r\u0131lmas\u0131 ve kullan\u0131c\u0131lar aras\u0131ndaki ileti\u015fimi sa\u011flamak amac\u0131yla i\u015fleme dahil olan di\u011fer kullan\u0131c\u0131 ile payla\u015f\u0131labilir.<\/p>\n\n\n\n<p>Pazardergisi.com, internet sayfas\u0131n\u0131 kullanan kullan\u0131c\u0131lar\u0131n istatistiksel bilgilerini, teknik bir ileti\u015fim dosyas\u0131n\u0131 kullanarak elde edebilir. Kullan\u0131c\u0131lar isterse, bu dosyay\u0131 engellemeye y\u00f6nelik taray\u0131c\u0131 ayarlar\u0131n\u0131 de\u011fi\u015ftirebilirler.<\/p>\n\n\n\n<p>G\u00fcvenlik<br>Ki\u015fisel veri kayb\u0131, k\u00f6t\u00fc kullan\u0131m, yetkisiz eri\u015fim, yetkisiz aktar\u0131m gibi riskleri azaltmak i\u00e7in uygun teknik ve idari g\u00fcvenlik tedbirleri alarak bilgilerinizi korumaktay\u0131z. Bi\u2019 D\u00fcnya Haber altyap\u0131s\u0131ndaki t\u00fcm veri i\u015flemleri, SSL teknolojisi kullan\u0131larak \u015fifrelenmektedir. Bu \u00e7abalara ra\u011fmen internet ortam\u0131n\u0131n do\u011fas\u0131 gere\u011fi tamamen bir g\u00fcvenli\u011fin sa\u011flanamayaca\u011f\u0131 unutulmamal\u0131d\u0131r. Yetkisiz giri\u015f veya kullan\u0131m, donan\u0131m veya yaz\u0131l\u0131m hatas\u0131 ve di\u011fer fakt\u00f6rler, bilgilerin g\u00fcvenli\u011fini herhangi bir zamanda tehlikeye d\u00fc\u015f\u00fcrebilir. Hesab\u0131n\u0131z\u0131n k\u00f6t\u00fcye kullan\u0131ld\u0131\u011f\u0131ndan \u015f\u00fcphelenmeniz halinde, a\u015fa\u011f\u0131da yer alan \u0130leti\u015fim b\u00f6l\u00fcm\u00fcnden bize ula\u015f\u0131n\u0131z. \u015eifrenizde benzersiz numaralar, b\u00fcy\u00fck ve k\u00fc\u00e7\u00fck harfler ve karakterler kullanman\u0131z\u0131 ve ba\u015fka herhangi bir sitede kullan\u0131lmam\u0131\u015f olmas\u0131n\u0131 tavsiye ediyoruz. \u015eifrenizi di\u011fer ki\u015filer ile payla\u015fmamal\u0131s\u0131n\u0131z. \u015eifrenizi ba\u015fkalar\u0131 ile payla\u015fman\u0131z durumunda, di\u011fer ki\u015filerin hesab\u0131n\u0131zdan yapt\u0131klar\u0131 t\u00fcm i\u015f ve i\u015flemlerden sorumlu olacaks\u0131n\u0131z. \u015eifrenizin kontrol\u00fcn\u00fcn kaybedilmesinin ki\u015fisel verilerinizin kontrol\u00fcn\u00fcn kaybedilmesi ile sonu\u00e7lanabilece\u011fini hat\u0131rlatmak isteriz.<\/p>\n\n\n\n<p>\u25cf Haber ajanslar\u0131 taraf\u0131ndan eklenen t\u00fcm haberler, sitemizin edit\u00f6rlerinin m\u00fcdahalesi olmadan ajans kanallar\u0131ndan \u00e7ekilmektedir. Bu haberlerde yer alan hukuki muhataplar haberi ge\u00e7en ajanslar olup sitemizin hi\u00e7 bir edit\u00f6r\u00fc sorumlu tutulamaz\u2026<\/p>\n\n\n\n<p>Gizlilik Politikas\u0131 ile ilgili her t\u00fcrl\u00fc soru ve \u00f6nerileriniz i\u00e7in \u0130leti\u015fim formunda yer alan e-posta ile bizimle ileti\u015fime ge\u00e7ebilirsiniz.<\/p>\n\n\n\n<p>Pazardergisi.com internet sitesini ziyaret eden her kullan\u0131c\u0131, Pazardergisi.com Gizlilik S\u00f6zle\u015fmesi, Kullan\u0131m S\u00f6zle\u015fmesi ve \u00c7erez Politikas\u0131 h\u00fck\u00fcmlerini kabul etmi\u015f say\u0131lacakt\u0131r.<\/p>\n\n\n\n<p><\/p>\n","protected":false},"excerpt":{"rendered":"<p>Gizlilik ve Ki\u015fisel Verilerin Korunmas\u0131 Politikas\u0131Bu gizlilik politikas\u0131 ile Pazar Dergisi, internet sitesi Pazardergisi.com (Gizlilik politikas\u0131nda \u201cPazardergisi.com\u201d olarak an\u0131lacakt\u0131r) \u00fczerinden kullan\u0131c\u0131lar\u0131n Pazardergisi.com\u2019da bulunan ki\u015fisel bilgilerinin kullan\u0131m\u0131 ve korunmas\u0131 d\u00fczenlenmektedir. Kullan\u0131c\u0131lar\u0131n ki\u015fisel bilgileri, ad\u0131 \u2013 soyad\u0131, do\u011fum tarihi, telefon numaras\u0131, e-posta adresi, T.C kimlik numaras\u0131 gibi kullan\u0131c\u0131y\u0131 do\u011frudan ya da dolayl\u0131 olarak tan\u0131mlamaya y\u00f6nelik her t\u00fcrl\u00fc [&hellip;]<\/p>\n","protected":false},"author":1,"featured_media":0,"parent":0,"menu_order":0,"comment_status":"closed","ping_status":"closed","template":"","meta":{"footnotes":""},"class_list":["post-847","page","type-page","status-publish","hentry"],"_links":{"self":[{"href":"https:\/\/pazardergisi.com\/index.php\/wp-json\/wp\/v2\/pages\/847","targetHints":{"allow":["GET"]}}],"collection":[{"href":"https:\/\/pazardergisi.com\/index.php\/wp-json\/wp\/v2\/pages"}],"about":[{"href":"https:\/\/pazardergisi.com\/index.php\/wp-json\/wp\/v2\/types\/page"}],"author":[{"embeddable":true,"href":"https:\/\/pazardergisi.com\/index.php\/wp-json\/wp\/v2\/users\/1"}],"replies":[{"embeddable":true,"href":"https:\/\/pazardergisi.com\/index.php\/wp-json\/wp\/v2\/comments?post=847"}],"version-history":[{"count":1,"href":"https:\/\/pazardergisi.com\/index.php\/wp-json\/wp\/v2\/pages\/847\/revisions"}],"predecessor-version":[{"id":848,"href":"https:\/\/pazardergisi.com\/index.php\/wp-json\/wp\/v2\/pages\/847\/revisions\/848"}],"wp:attachment":[{"href":"https:\/\/pazardergisi.com\/index.php\/wp-json\/wp\/v2\/media?parent=847"}],"curies":[{"name":"wp","href":"https:\/\/api.w.org\/{rel}","templated":true}]}}